 5*p**2 + 2*p - p**3. Give x(-4).
-4
Let n(d) = 6 - 2 + 3 - 2 - d**2 + 4*d. Determine n(6).
-7
Let h(s) = -s. Let y(o) = o**2 + 5*o - 2. Let l be (1 - 4) + 1 + 1. Let c be (-3 - -9)*(l - 0). Let t(q) = c*h(q) - y(q). Give t(-2).
-4
Let g(u) = u. Let s(j) = -j**3 - 5*j**2 + 3*j + 5. Let c(q) = 6*g(q) - s(q). Let w(o) = -o**2 + 6*o - 1. Let k be w(5). Let l = k + -8. What is c(l)?
-1
Let m(p) = -p**3 + 3*p**2 - 2*p - 2. Let r(b) = -b**2 + 4*b + 4. Let i be r(4). Let l = i - 2. Calculate m(l).
-2
Let s(z) = -1. Let v(o) = o. Let g(a) = 4*s(a) - v(a). Suppose -3*d - 11 = 7. Determine g(d).
2
Suppose -3*a + 20 = 5*g, -12 = -0*a + 4*a - 3*g. Let l(p) be the third derivative of a*p**4 + p**2 + 0*p - 1/60*p**5 + 2/3*p**3 + 0. Determine l(0).
4
Let p = 38 + -31. Let d(b) = b**3 - 7*b**2 - 5. Give d(p).
-5
Let c be (18/21)/(1 - (-30)/(-35)). Let j(n) = -3 + 3*n - 6 - n. What is j(c)?
3
Let s(i) = i - 11. Let l be s(8). Let x(z) = -2*z - 8. Let r(h) = h + 4. Let u(f) = 9*r(f) + 4*x(f). Determine u(l).
1
Suppose -a = 5*a + 36. Let m(y) be the third derivative of 0 - 1/24*y**4 + y**2 + 0*y - 3/2*y**3. What is m(a)?
-3
Let l be (-6)/9*(-3)/1. Let p(i) = -4*i + l*i + 3*i + 9. Let f be p(-7). Let z(x) = -x**3 + x**2 + 2*x. Give z(f).
0
Let a(w) be the second derivative of 1/3*w**3 + 0 - 1/2*w**2 + w + 1/12*w**4. What is a(-2)?
-1
Let j(t) be the first derivative of t**3/3 + 2*t**2 - 48. Calculate j(-6).
12
Let o(f) = f + 4. Let m(s) = -3*s - 6 - 2*s + 14 - s**2. Let u be m(-6). Suppose 0 = -3*w - 3*g + 4*g - 15, -3*w + u*g = 15. Give o(w).
-1
Let q(h) be the second derivative of -h**5/20 + h**4/12 - 3*h. Suppose -3*f + 1 = s, 7*f = 2*f + 2*s - 2. Let u be 1/2*2*f. Determine q(u).
0
Let y(k) = 14*k**2 + 10. Let s(i) = -5*i**2 - 3. Let l(d) = 7*s(d) + 2*y(d). Give l(1).
-8
Let t(g) be the third derivative of -g**5/60 + g**4/8 + 7*g**3/6 - g**2 + 9*g. Give t(5).
-3
Let h(c) = -1. Let u = 4 + -3. Let a(j) = j - 5. Let q(x) = u*a(x) - 4*h(x). Let t be (0/(-17))/(0 - -3). What is q(t)?
-1
Let o(m) = -m**2 - m - 1. Suppose 10*b - 12*b = 8. Calculate o(b).
-13
Suppose 4 = 2*n - 0. Suppose 3*r + 23 = -n*v, 5*v + 23 = -2*r - 7. Let f(a) = 1 + 6*a + 4*a - 7*a + a**2 + 0*a**2. Determine f(v).
5
Let m(d) = d**2 + 3*d - 3. Let i(o) = -o**2 - 5*o + 6. Let n(x) = 4*i(x) + 7*m(x). Let u(w) be the first derivative of n(w). Give u(1).
7
Let b(o) be the third derivative of -2*o**2 + 0 + 1/3*o**3 + 0*o + 1/24*o**4. What is b(7)?
9
Let x(m) = 15*m**2 + 42*m - 22. Let p(f) = 7*f**2 + 20*f - 11. Let o(t) = -13*p(t) + 6*x(t). What is o(-9)?
2
Let u(z) = 0 + 0 - 3*z + 2*z. Let i be u(-1). Let s(b) = 13*b - 2. Let c(m) = 6*m - 1. Let q(w) = -9*c(w) + 4*s(w). Give q(i).
-1
Let c(f) = -f**3 - 3*f**2 + 6*f + 2. Let v(t) = t**3 - 6*t**2 + 5*t - 4. Let s(w) = 2*w**2 - 5*w + 2. Let l be s(3). Let d be v(l). Give c(d).
-6
Let c(d) = 11*d**3 - 7*d**2 + 2*d - 1. Let g(o) = 7*o**3 - 5*o**2 + 2*o - 1. Let k(p) = 5*c(p) - 8*g(p). Give k(5).
-27
Let t(w) be the second derivative of -w**3/6 - 9*w**2/2 + 36*w. Calculate t(0).
-9
Let z(t) = -4*t - 1. Let g be ((-3)/6)/((-2)/(-4)). Let h = g + 0. Let o be (-3*(-2)/6)/h. What is z(o)?
3
Let x = -10 + 6. Let u be (2*(-2)/x)/(-1). Let s be -1 + -1 + (-3)/u. Let w(d) = d**2 - 2*d. Calculate w(s).
-1
Let f = 36 + -40. Let v(c) = -c - 4. What is v(f)?
0
Let i(u) be the third derivative of u**7/840 + u**6/72 - u**5/20 - u**3/6 + 4*u**2. Let n(w) be the first derivative of i(w). Give n(-6).
0
Let c(j) = -j**3 + 7*j**2 + 8*j - 1. Let t be c(8). Let h(p) = p**3 + p**2 - 2*p - 1. Determine h(t).
1
Let y(i) = -i**3 - i - 5 + 2*i**2 - 6*i**2 + 0*i**2 + 3*i. Calculate y(-5).
10
Let d(j) = -j**2 + 4*j - 11 + 8 - 2*j**2 + 0*j**2. Give d(2).
-7
Let v(n) = -5*n. Let i be (4 - 2) + -1 + 2. Suppose -6*c + l + 18 = -i*c, 38 = 5*c + l. Let s = 6 - c. What is v(s)?
5
Let n(k) = 4*k**2 - 6*k**2 - 29 + 28 + 6*k. Let x = 6 - 3. Suppose 4*t = -x*g + 16, 3*t - 2*g - 20 = -2*t. What is n(t)?
-9
Let a(p) = p**2 + 7*p + 3. Let t be (-4)/14 - 128/(-56). Suppose 2*c + 10 + t = 0. What is a(c)?
-3
Let y(b) = -b**3 + 5*b**2 - 2*b - 2. Let a = 3 + 4. Suppose -h - 5*s = -a, 3*h = -4*s - 2 - 10. Let i = h + 12. What is y(i)?
6
Let x = 2 - -3. Let q(c) = c - 4. What is q(x)?
1
Let s(z) = z**2 - 11. Let l = -5 + 0. Suppose 6*p - 11 = 19. Let h = p + l. Determine s(h).
-11
Let x(p) be the third derivative of p**7/720 + p**6/720 + p**5/60 + 4*p**2. Let c(z) be the third derivative of x(z). Calculate c(1).
8
Suppose -3*h = 4*d + 18, 3*h = -d - 11 + 2. Let s(t) = -t - 1. Let v(r) = -r - 2. Let w(g) = 6*s(g) - 3*v(g). Determine w(h).
6
Let n = -2 - -2. Let y(s) = s - 5. Let d be y(n). Let k(p) be the second derivative of p**4/12 + p**3 - 3*p**2/2 - p. Calculate k(d).
-8
Let y be (-1)/(1/(1*3)). Let b be 1*1/(-1)*y. Let s(k) = -8 + 7 + 7 - k. What is s(b)?
3
Suppose -3*v = -5*v + 12. Let f(x) be the second derivative of -x**3/6 + 7*x**2/2 + 12*x. What is f(v)?
1
Let p(s) = 4*s. Let g = -29 - -30. Calculate p(g).
4
Let g(f) = -9*f + 5. Let c(w) = 8*w - 6. Let j(m) = -4*c(m) - 5*g(m). Give j(1).
12
Let z(j) = 4*j + 4. Let d(y) = -y + 1. Let c(f) = 6*d(f) + z(f). Determine c(7).
-4
Let v = -50 + 50. Let n(f) = -f**2 - 3*f + 8. Let i(q) = -q**2 - 2*q + 7. Let d(c) = 4*i(c) - 3*n(c). Determine d(v).
4
Let q = 47 + -43. Let d(f) = f**2 - 6*f + 6. Determine d(q).
-2
Suppose 0*k = -2*k + 4. Let z(p) = -2*p**2 - p**3 + 4*p**2 - p - 2 - 3*p**2 + k*p. Determine z(2).
-12
Let b(i) be the second derivative of 7*i**3/6 - i**2/2 - 3*i. Let p(j) = -1 - 3*j + 6*j**2 + j**3 - j**2 - 3*j**2. Let t be p(-3). Determine b(t).
-8
Let k be (5/(-2))/(5/(-10)). Let m(b) be the third derivative of -b**5/60 + b**4/6 + b**3 - 3*b**2. Give m(k).
1
Let o(u) = 13*u**3 - 4*u**2 - 4*u - 8*u**3 - 6*u**3 + u. Give o(-2).
-2
Let o(q) = -5*q + 13. Let r(h) = 9*h - 25. Let i(y) = 11*o(y) + 6*r(y). Give i(-6).
-1
Let u(r) = r. Suppose 10 = -3*n + 4*g - 0, -3*n - 4 = 2*g. What is u(n)?
-2
Let v(o) = -o**2 - 3*o + 4. Let t be v(-3). Suppose -11 = -t*f + 9. Let y(r) = -3 - 3*r - 5*r**3 + f*r**2 + 2*r**3 + 2*r**3. Determine y(4).
1
Let m(l) = -2 - 6*l - 5*l - 2*l**3 + 4*l - 6*l - 10*l**2. Let y(i) = i**3 + 5*i**2 + 7*i + 1. Let n(s) = 3*m(s) + 5*y(s). What is n(-4)?
-1
Let v(b) = -b**2 - b. Let j(d) = 2*d**2 + 2*d. Let t(y) = -3*j(y) - 5*v(y). Determine t(-3).
-6
Let o(t) be the second derivative of -5/6*t**3 + 5/12*t**4 - 1/20*t**5 - 3/2*t**2 - 5*t + 0. Give o(4).
-7
Let f(b) = -b**3 + 3*b**2 - 2. Let c(u) = 3*u**2 + u + 6. Let r be c(7). Let s be r/(-6) - 14/(-21). Let p be s/(-8) + 1/(-4). What is f(p)?
-2
Let p(j) = 10*j**2 + 4*j + 3. Let h(m) = 5*m**2 + 2*m + 1. Let k(c) = 5*h(c) - 2*p(c). Determine k(1).
6
Let u(m) = m**2 + 7*m + 1. Let d be u(-6). Let n(y) = -y**2 - 3*y + 2. Give n(d).
-8
Let t(d) = d**3 - 6*d**2 + 3*d + 2. Let z(g) = -g**2 - 5*g + 8. Let y be z(-6). Let j be (8 - y) + -3 + 1. Suppose -4*b + j*p + 4 = 0, -p + 16 = 3*p. Give t(b).
-8
Let t be 8/6 - (-11)/(-33). Let z(a) = 17*a**3 - a + 1. What is z(t)?
17
Let s(w) = w + 1 - 2*w - 2. Let g(r) be the third derivative of r**5/60 + 5*r**4/24 - 5*r**3/3 + 3*r**2. Let k be g(-6). Give s(k).
3
Let n(t) = t**3 - 5*t**2 + 2*t + 3. Suppose -3*u - 4*r + 4 = -24, 2*u - r = 4. Determine n(u).
-5
Let j(u) = 2*u**3 - 2*u. Let o = -24 - -26. Give j(o).
12
Let p(v) = -v**2 - v. Let i(l) = -3*l**2 - 8*l + 2. Let d(g) = i(g) - 4*p(g). Determine d(4).
2
Let d(y) = -y**3 + 4*y**2 - 3*y + 2. Let v(x) = x**3 - 3*x**2 + 2*x - 3. Let c(m) = -3*d(m) - 2*v(m). Let p be 30/(-36)*(-2 - 4). Give c(p).
0
Let l(f) be the first derivative of -f**2/2 + 3. Give l(-2).
2
Suppose t + 2*t - 6 = 0. Let f be (-2 + (t - 1))*-4. Let c(z) = -6*z - 2*z**2 - 2*z**2 + 9*z + 3*z**2 - 2. Calculate c(f).
-6
Suppose -3*r + 8 + 4 = 0. Let a(k) be the third derivative of 1/24*k**4 - 5/6*k**3 + 3*k**2 + 0 + 0*k. What is a(r)?
-1
Let r be 3/6*(-12)/(-3). Let h(y) = -y + 8*y + 12 - 6 + y**r. Determine h(-4).
-6
Suppose -2*a - 3*m + 15 = 0, -5*m - 9 = 5*a - 44. Let z(i) = -i**2 + 6*i. What is z(a)?
0
Let s(b) = 5*b + 13. Let l(k) = 9*k + 25. Let i(v) = 6*l(v) - 11*s(v). Let z be i(5). Let u be 3 - (-1 - (1 - z)). Let o(m) = -m**2 + 2*m - 4. Determine o(u).
-7
Let v(g) = 2 - g**3 + 3*g**2 + g - 5*g - 8*g**2. Let o be v